 15?
14
Let g(z) = z**3 + 2*z**2 - z - 2. Let d be g(-2). Suppose d = 2*n - 1 - 7. Let u(t) = -t**2 - 13*t + 2. Calculate the remainder when n is divided by u(-13).
0
Let a = 43 + 25. Suppose 0 = -3*l - 3, 4*g - 19 = l + 38. What is the remainder when a is divided by g?
12
Suppose 29*l = 37*l - 400. Suppose -14 = -6*a + 4*a - 3*j, j + 4 = 0. Calculate the remainder when l is divided by a.
11
Let s be 54/12*4/(-3). Let y be (-1134)/(-8) - s/(-8). Let z = -96 + y. What is the remainder when z is divided by 12?
9
Suppose 206 = -7*m + 9*m. Calculate the remainder when m is divided by 26.
25
Suppose -m = -32 + 7. Suppose 102 = 7*c - 5*c - 2*l, -3*c + 4*l + 156 = 0. What is the remainder when c is divided by m?
23
Suppose -5*b - 4*a + 73 = -3*a, 3*b - 54 = -4*a. Calculate the remainder when 41 is divided by b.
13
Suppose -5*m + 2*m = -54. Calculate the remainder when 53 is divided by m.
17
Suppose -3*f = -6*f. Suppose -d - 2*d + 9 = f. Suppose 0 = w - 2*v - 3*v - 1, d*v - 5 = -5*w. Calculate the remainder when 1 is divided by w.
0
Let x = -57 + 83. What is the remainder when x is divided by 14?
12
Let y(h) = 2*h**2 - h + 1. Let k be y(2). Suppose b = -5*g - 0*b + 17, -b = -g + k. Calculate the remainder when 46/g*(0 - -2) is divided by 12.
11
Let u(f) be the first derivative of -7*f**2/2 - 4*f - 4. Calculate the remainder when 17 is divided by u(-2).
7
Calculate the remainder when 2/11 - (-2616)/132 is divided by 12.
8
Let k be ((-3)/(-9))/(2/(-18)). Let d = k - -4. What is the remainder when 18 is divided by (-6)/2 - d*-13?
8
Let f(x) = 2*x**2 - 5*x + 3. Let z = 21 - 17. Suppose -4*n + 5*i + 21 = 0, -n + z*i = i. What is the remainder when n is divided by f(3)?
3
Let u(m) = -3*m**3 - 3*m**2 + 2. Let h be u(-2). Suppose 4*v - h = 38. What is the remainder when v is divided by 5?
3
Suppose 4*y = l + 23, 3*y = 4*l - 2*l + 16. Let k = 1 + y. Let x(p) = 5*p**3 - 2*p**2 + 2*p - 1. Calculate the remainder when k is divided by x(1).
3
Let d = 82 - 48. Suppose -2*q = 4*n - 50, -44 = 3*n - 7*n + 4*q. Calculate the remainder when d is divided by n.
10
Suppose 2*f - 7*f + 2*w + 39 = 0, 3*f - 19 = -w. Let p = 9 - 5. What is the remainder when f is divided by p?
3
What is the remainder when 42 is divided by (2/(-6))/((-7)/483)?
19
Let i = 166 + -112. What is the remainder when i is divided by 19?
16
Suppose m + 6*z = 2*z + 43, 3*z = -3*m + 138. Suppose -40 = -3*p + k - 1, -k = 3*p - 33. What is the remainder when m is divided by p?
11
Suppose u + 1 = 8. Suppose -2*j - 4 = 8. Calculate the remainder when u is divided by 4 + -2 - 4 - j.
3
Let v(a) = a**3 - a**2 - 9*a + 15. What is the remainder when 133 is divided by v(4)?
25
Let n(l) = -16*l - 25. What is the remainder when n(-7) is divided by 44?
43
Let k be ((-50)/(-8))/(4/16). Suppose k = -4*f + 245. Suppose -5*t - 5*s + 80 = 0, -3*t + 70 = t + 2*s. What is the remainder when f is divided by t?
17
Calculate the remainder when 3 + (976/4)/4 is divided by 22.
20
Let z(m) = -m**3 + 9*m**2 + 3*m - 5. What is the remainder when z(9) is divided by 12?
10
Let s(d) = -d**2 + 11*d - 4. Calculate the remainder when 117 is divided by s(8).
17
Suppose 0 = -4*r - 2*a + 110, 5*r + a - 5*a - 131 = 0. Calculate the remainder when 80 is divided by r.
26
Suppose -w + 45 = -4*j, 13 - 33 = -4*w. Let b(h) = h**3 + 10*h**2 - 2*h + 10. What is the remainder when b(j) is divided by 2*(-1 - (-1 + -4))?
6
Suppose -5*r = -r - 52. Calculate the remainder when r is divided by (4/6)/((-2)/(-12)).
1
Let s = -11 + 15. Suppose 2*v - 10 = -w, 4*v - 19 = 3*v - 4*w. Suppose 2*u - 5 = v*u, i - 5*u = 32. What is the remainder when i is divided by s?
3
Let x(o) = -o**2 + 8*o - 10. What is the remainder when 23 is divided by x(5)?
3
Suppose -50*h - 66 = -53*h. Let o = -27 + 92. Calculate the remainder when o is divided by h.
21
Let k(m) = m**3 - 23*m**2 + m - 11. Calculate the remainder when k(23) is divided by 9.
3
Let h(u) = 4*u**2 + u - 3. Calculate the remainder when 28 is divided by h(2).
13
Suppose -4*d = 5*a + 904, 3*a - 237 = d + 6. Let f = -160 - d. Calculate the remainder when f is divided by 18.
17
Suppose -17 = -t - 2*c + 3*c, 2*c + 10 = 0. Calculate the remainder when 22 is divided by t.
10
Let m(i) = i**3 + 5*i**2 - 4*i + 16. Let x(w) = -w**3 - 6*w**2 + 5*w - 16. Let s(q) = 5*m(q) + 4*x(q). What is the remainder when 61 is divided by s(0)?
13
Let t be 0 - 0 - -50*1. Let w = t - 26. What is the remainder when 45 is divided by w?
21
What is the remainder when 28*(-3 + (-27)/(-7)) is divided by (-9)/36 + (-53)/(-4)?
11
Let r = -51 + 143. What is the remainder when r is divided by 32?
28
Suppose 10*s = 16*s - 594. Calculate the remainder when s is divided by 34.
31
What is the remainder when 40 is divided by (-7 - 16/4)/(-1)?
7
Let j(t) = -t - 3. Let g be j(-2). What is the remainder when 115 is divided by (-435)/(-15)*(g - -2)?
28
Suppose -2*z = 4, -5*n - 95 = -4*z - 8. Let s = -14 - n. Calculate the remainder when 12 is divided by s.
2
Suppose -80 = 2*l - 7*l. Let q = 30 - l. Suppose 265 = 5*s - 3*r, 4*s - 212 = -8*r + 3*r. Calculate the remainder when s is divided by q.
11
Suppose 4*a + 22 = 2*s, -5*s - 4*a + 80 = -9*a. What is the remainder when 1 + 39*1 - 1 is divided by s?
18
Let b = -25 + 49. Let w be (9/(-6))/3*0. Calculate the remainder when b is divided by (-1 - (0 + w))*-13.
11
Suppose 5*b + 2*v = 185, -b + 111 = 2*b - 3*v. Calculate the remainder when b is divided by 2/6 - 177/(-9).
17
Calculate the remainder when 1 + 42 - (0 - -1) is divided by 9.
6
Suppose 2*i - 2*q = 12, -6*q - 15 = -2*i - q. Suppose i = m - 3. Suppose -4*j = -2*f + 2, 3*f + j = 5*f - 5. Calculate the remainder when m is divided by f.
2
Let l(a) = a - 5. What is the remainder when l(9) is divided by 8/3 + 1/3?
1
Suppose -4*b + 5*b = 118. Let g = b - 66. What is the remainder when g is divided by 11?
8
Let q(p) = -4*p - 1. Let g be q(5). Let k = 32 + g. Calculate the remainder when 21 is divided by k.
10
Let m(s) = s**3 + 6*s**2 - 4*s + 11. Calculate the remainder when m(-6) is divided by 13.
9
Suppose -2*q + 4*u + 56 = 0, -3*q + 4*u + 36 = -40. What is the remainder when 97 is divided by q?
17
Calculate the remainder when 175/14 - (-1)/(-2) is divided by 2.
0
Let h(y) = y**2 - 4*y + 8. What is the remainder when h(7) is divided by 15?
14
Let p(g) = g**3 - g**2 - 2*g + 2. Let t be p(2). Suppose -10 = -4*u + t*u. Let y = u + -4. What is the remainder when y is divided by 1?
0
Let g = -162 + 249. What is the remainder when g is divided by 18?
15
Let f be ((-32)/(-20))/((-4)/(-50)). Let x = f + -8. Suppose 3*y + 1 = 5*n - 175, 3*y = 4*n - 142. What is the remainder when n is divided by x?
10
Suppose -k + 22 = -4. What is the remainder when 102 is divided by k?
24
Let v(i) = 4*i**2 + 2*i + 1. Suppose -4*l - 8 = -16. What is the remainder when v(l) is divided by 11?
10
Let q = 0 - -22. Calculate the remainder when 65 is divided by q.
21
Let n(q) = 2*q - 3. Let i = -19 + 23. Calculate the remainder when 12 is divided by n(i).
2
Let v be 4/(((-4)/(-3))/2). Let s = v - 3. Suppose -l - 100 = -s*l. Calculate the remainder when l is divided by 17.
16
Suppose -10 = -5*n, 2*n + 40 = 2*i + 14. Let h = -3 + 3. What is the remainder when 129/3 - h/(-2) is divided by i?
13
Let f = 14 + 27. Calculate the remainder when f is divided by 14.
13
Suppose -5*s = 2*v - 0*v - 395, s - 52 = 5*v. What is the remainder when s is divided by 20?
17
Let n(u) = 5*u + 92. What is the remainder when n(9) is divided by 35?
32
Let v(o) = -o**2 + 4*o + 1. Let z be v(3). Suppose 0 = -z*h + 35 - 7. What is the remainder when h is divided by 4?
3
Let s(g) = g**2 - 2*g - 2. Let i = -6 - -2. Calculate the remainder when s(i) is divided by 8.
6
Let p be (-4)/(-1) + (-3 - -2). Let d(z) = z**3 - z - 3. What is the remainder when d(p) is divided by 8?
5
Suppose 0 = -5*p + 4*p + 2*g + 15, -3*g + 40 = p. Let r = 160 + -112. What is the remainder when r is divided by p?
23
Let i(s) = s**3 + 4. Let h be i(0). Suppose 5*u - h*u = 15. Calculate the remainder when 29 is divided by u.
14
Suppose -g + 2 - 5 = 0, -2*c = -4*g - 38. Let z(u) = u**2 - u - 3. Let h be z(3). What is the remainder when 74*(2 + h/(-2)) is divided by c?
11
Let h(m) = m**2 + 10*m - 18. Calculate the remainder when 62 is divided by h(-1